 of 2489105.
5, 61, 8161
What are the prime factors of 1039903?
173, 6011
List the prime factors of 1735763.
179, 9697
What are the prime factors of 752836?
2, 7, 23, 167
List the prime factors of 712135.
5, 142427
What are the prime factors of 1019742?
2, 3, 169957
What are the prime factors of 177578?
2, 88789
List the prime factors of 278914.
2, 139457
List the prime factors of 9071780.
2, 5, 29, 15641
What are the prime factors of 288673?
7, 11, 23, 163
What are the prime factors of 953387?
163, 5849
What are the prime factors of 6992951?
7, 139, 7187
List the prime factors of 26292725.
5, 1051709
List the prime factors of 9865368.
2, 3, 45673
List the prime factors of 166609.
166609
What are the prime factors of 3854130?
2, 3, 5, 7, 18353
What are the prime factors of 6502670?
2, 5, 17, 29, 1319
List the prime factors of 1631556.
2, 3, 15107
List the prime factors of 2374654.
2, 409, 2903
List the prime factors of 1247784.
2, 3, 51991
What are the prime factors of 5441511?
3, 59, 71, 433
List the prime factors of 4274168.
2, 41, 83, 157
List the prime factors of 340352.
2, 2659
List the prime factors of 121286.
2, 11, 37, 149
What are the prime factors of 219882?
2, 3, 13, 2819
List the prime factors of 165458.
2, 82729
List the prime factors of 168484.
2, 73, 577
What are the prime factors of 2205906?
2, 3, 367651
List the prime factors of 709768.
2, 88721
List the prime factors of 6165273.
3, 37, 67, 829
What are the prime factors of 85043?
7, 12149
What are the prime factors of 16238?
2, 23, 353
What are the prime factors of 5239438?
2, 79, 33161
What are the prime factors of 141239?
7, 20177
List the prime factors of 1283430.
2, 3, 5, 179, 239
List the prime factors of 1214699.
23, 52813
What are the prime factors of 3071781?
3, 17, 1181
What are the prime factors of 1258113?
3, 269, 1559
What are the prime factors of 139109?
139109
What are the prime factors of 21899260?
2, 5, 1094963
What are the prime factors of 1634673?
3, 109, 4999
List the prime factors of 1540973.
7, 29, 7591
List the prime factors of 367284.
2, 3, 127, 241
List the prime factors of 1623099.
3, 151, 3583
What are the prime factors of 642295?
5, 19, 6761
What are the prime factors of 110654?
2, 61, 907
List the prime factors of 3097942.
2, 827, 1873
What are the prime factors of 1211435?
5, 73, 3319
What are the prime factors of 192954?
2, 3, 32159
What are the prime factors of 1441171?
653, 2207
List the prime factors of 22061551.
127, 173713
List the prime factors of 8567513.
8567513
What are the prime factors of 1086649?
227, 4787
List the prime factors of 5058071.
139, 36389
List the prime factors of 23280905.
5, 17, 79, 3467
List the prime factors of 359871.
3, 139, 863
What are the prime factors of 4023945?
3, 5, 41, 727
List the prime factors of 998227.
41, 97, 251
List the prime factors of 18657576.
2, 3, 7, 37019
List the prime factors of 130656.
2, 3, 1361
What are the prime factors of 170320?
2, 5, 2129
What are the prime factors of 424569?
3, 97, 1459
List the prime factors of 28763605.
5, 13, 442517
What are the prime factors of 2226936?
2, 3, 92789
List the prime factors of 28549124.
2, 163, 43787
What are the prime factors of 3291979?
3291979
What are the prime factors of 165182?
2, 82591
What are the prime factors of 1707995?
5, 113, 3023
List the prime factors of 635095.
5, 71, 1789
What are the prime factors of 14251023?
3, 1583447
What are the prime factors of 23622650?
2, 5, 37, 113
List the prime factors of 127527.
3, 42509
List the prime factors of 1425297.
3, 17, 27947
What are the prime factors of 3677725?
5, 157, 937
What are the prime factors of 9890274?
2, 3, 1648379
What are the prime factors of 4196594?
2, 31, 113, 599
List the prime factors of 2971033.
13, 449, 509
List the prime factors of 3545880.
2, 3, 5, 13, 2273
List the prime factors of 1405110.
2, 3, 5, 7, 6691
List the prime factors of 38211.
3, 47, 271
List the prime factors of 1108335.
3, 5, 37, 1997
What are the prime factors of 5349407?
7, 17, 44953
List the prime factors of 10707685.
5, 293, 7309
List the prime factors of 1371343.
1371343
What are the prime factors of 1332604?
2, 7, 13, 523
List the prime factors of 368169.
3, 17, 7219
What are the prime factors of 10855958?
2, 1289, 4211
What are the prime factors of 7649448?
2, 3, 139, 2293
What are the prime factors of 338356?
2, 84589
List the prime factors of 6951734.
2, 59, 58913
What are the prime factors of 908002?
2, 107, 4243
What are the prime factors of 1112162?
2, 79, 7039
List the prime factors of 6224305.
5, 19, 65519
List the prime factors of 2167609.
2167609
What are the prime factors of 1597611?
3, 532537
What are the prime factors of 492131?
23, 21397
What are the prime factors of 328539?
3, 97, 1129
What are the prime factors of 13793?
13, 1061
List the prime factors of 435156.
2, 3, 36263
List the prime factors of 923205.
3, 5, 61547
What are the prime factors of 246869?
7, 35267
List the prime factors of 121597.
7, 29, 599
List the prime factors of 2728751.
2728751
List the prime factors of 84359.
11, 7669
What are the prime factors of 2734074?
2, 3, 7, 2411
List the prime factors of 789695.
5, 43, 3673
List the prime factors of 2561083.
7, 52267
What are the prime factors of 59365?
5, 31, 383
List the prime factors of 453359.
19, 107, 223
What are the prime factors of 6023111?
6023111
List the prime factors of 3670897.
1811, 2027
What are the prime factors of 3252959?
23, 29, 4877
What are the prime factors of 5301735?
3, 5, 571, 619
What are the prime factors of 41303?
103, 401
List the prime factors of 389112.
2, 3, 31, 523
List the prime factors of 413056.
2, 7, 461
List the prime factors of 1530471.
3, 510157
List the prime factors of 1498242.
2, 3, 71, 3517
What are the prime factors of 7207191?
3, 266933
List the prime factors of 1134276.
2, 3, 11, 13, 661
List the prime factors of 503720.
2, 5, 7, 257
List the prime factors of 62802.
2, 3, 1163
List the prime factors of 12156483.
3, 647, 6263
What are the prime factors of 198229?
167, 1187
List the prime factors of 390669.
3, 130223
List the prime factors of 188341.
127, 1483
What are the prime factors of 9637751?
317, 30403
List the prime factors of 43225.
5, 7, 13, 19
List the prime factors of 12432768.
2, 3, 32377
What are the prime factors of 6472?
2, 809
List the prime factors of 27760749.
3, 773, 11971
What are the prime factors of 1028677?
13, 53, 1493
What are the prime factors of 576757?
576757
What are the prime factors of 626568?
2, 3, 26107
What are the prime factors of 9674605?
5, 23, 84127
List the prime factors of 5033660.
2, 5, 389, 647
What are the prime factors of 4474934?
2, 2237467
List the prime factors of 18814217.
73, 97, 2657
List the prime factors of 237438.
2, 3, 4397
What are the prime factors of 2155717?
2155717
What are the prime factors of 35753322?
2, 3, 11, 37
What are the prime factors of 228190?
2, 5, 19, 1201
List the prime factors of 308633.
13, 23741
What are the prime factors of 24489222?
2, 3, 269, 15173
What are the prime factors of 71587?
17, 4211
What are the prime factors of 4432732?
2, 373, 2971
List the prime factors of 1662130.
2, 5, 347, 479
What are the prime factors of 25696589?
23, 1117243
List the prime factors of 816379.
29, 28151
List the prime factors of 6619606.
2, 7, 67547
What are the prime factors of 441041?
441041
List the prime factors of 2163400.
2, 5, 29, 373
What are the prime factors of 10124344?
2, 761, 1663
What are the prime factors of 21370365?
3, 5, 311, 509
List the prime factors of 184444.
2, 13, 3547
List the prime factors of 152540.
2, 5, 29, 263
What are the prime factors of 124325?
5, 4973
List the prime factors of 15347286.
2, 3, 47, 6047
What are the prime factors of 23542?
2, 79, 149
What are the prime factors of 1011400?
2, 5, 13, 389
What are the prime factors of 3215879?
3215879
List the prime factors of 498606.
2, 3, 83101
What are the prime factors of 1366619?
47, 29077
List the prime factors of 396883.
396883
What are the prime factors of 2135252?
2, 7, 76259
List the prime factors of 42907.
107, 401
List the prime factors of 6765506.
2, 11, 307523
What are the prime factors of 274517?
274517
List the prime factors of 760887.
3, 28181
What are the prime